{"id":2372,"date":"2022-03-28T09:20:05","date_gmt":"2022-03-28T08:20:05","guid":{"rendered":"https:\/\/www.mayacaprice.ch\/restaurant\/panorama-terrace\/"},"modified":"2023-05-28T12:12:40","modified_gmt":"2023-05-28T11:12:40","slug":"panorama-terrace","status":"publish","type":"restaurant","link":"https:\/\/www.mayacaprice.ch\/de\/restaurant\/panorama-terrace\/","title":{"rendered":"Panorama Terrace"},"content":{"rendered":"\n<p>Unsere am Fu\u00dfe der Skipisten gelegene Apr\u00e8s-Ski-Lounge ist der ideale Ort, um bei einem Glas Wein, einem Cocktail oder einer hei\u00dfen Tasse Kaffee Cr\u00e8me die Seele baumeln zu lassen und die idyllische Aussicht auf das wunderliche Wengen zu genie\u00dfen.<\/p>\n\n\n\n<p>An einem sch\u00f6nen Winter- oder Sommertag k\u00f6nnen Sie auf der Panorama-Terrasse Platz nehmen &#8211; wenn es Ihnen zu k\u00fchl wird, k\u00f6nnen Sie im Innenberich Platz nehmen. Dort erwarten Sie ein knisterndes Kaminfeuer und eine klassische Alpenbar.<\/p>\n\n\n\n<p>Bar und Terrasse: Ganzt\u00e4gig<br>Mittagessen: bis auf weiteres geschlossen<\/p>\n","protected":false},"featured_media":2204,"template":"","acf":[],"yoast_head":"<!-- This site is optimized with the Yoast SEO plugin v19.1 - https:\/\/yoast.com\/wordpress\/plugins\/seo\/ -->\n<title>Panorama-Terrassenbar in Wengen | Maya Caprice Boutique-Hotel &amp; Spa<\/title>\n<meta name=\"description\" content=\"Nehmen Sie an einem sch\u00f6nen Winter- oder Sommertag auf der Panoramaterrasse Platz. Wenn Ihnen kalt wird, gehen Sie hinein. Ein knisterndes Kaminfeuer und eine klassische Alpenbar erwarten Sie.\" \/>\n<meta name=\"robots\" content=\"index, follow, max-snippet:-1, max-image-preview:large, max-video-preview:-1\" \/>\n<link rel=\"canonical\" href=\"https:\/\/www.mayacaprice.ch\/de\/restaurant\/panorama-terrace\/\" \/>\n<meta property=\"og:locale\" content=\"de_DE\" \/>\n<meta property=\"og:type\" content=\"article\" \/>\n<meta property=\"og:title\" content=\"Panorama-Terrassenbar in Wengen | Maya Caprice Boutique-Hotel &amp; Spa\" \/>\n<meta property=\"og:description\" content=\"Nehmen Sie an einem sch\u00f6nen Winter- oder Sommertag auf der Panoramaterrasse Platz. Wenn Ihnen kalt wird, gehen Sie hinein. Ein knisterndes Kaminfeuer und eine klassische Alpenbar erwarten Sie.\" \/>\n<meta property=\"og:url\" content=\"https:\/\/www.mayacaprice.ch\/de\/restaurant\/panorama-terrace\/\" \/>\n<meta property=\"og:site_name\" content=\"Maya Caprice\" \/>\n<meta property=\"article:modified_time\" content=\"2023-05-28T11:12:40+00:00\" \/>\n<meta property=\"og:image\" content=\"https:\/\/www.mayacaprice.ch\/wp-content\/uploads\/Terrasse-Sommer_2__FocusFillWzE5MjAsNzUwLCJ5IiwyNzZd.jpg\" \/>\n\t<meta property=\"og:image:width\" content=\"1920\" \/>\n\t<meta property=\"og:image:height\" content=\"750\" \/>\n\t<meta property=\"og:image:type\" content=\"image\/jpeg\" \/>\n<meta name=\"twitter:card\" content=\"summary_large_image\" \/>\n<meta name=\"twitter:label1\" content=\"Gesch\u00e4tzte Lesezeit\" \/>\n\t<meta name=\"twitter:data1\" content=\"1 Minute\" \/>\n<script type=\"application\/ld+json\" class=\"yoast-schema-graph\">{\"@context\":\"https:\/\/schema.org\",\"@graph\":[{\"@type\":\"WebSite\",\"@id\":\"https:\/\/www.mayacaprice.ch\/#website\",\"url\":\"https:\/\/www.mayacaprice.ch\/\",\"name\":\"Maya Caprice\",\"description\":\"Boutique Hotel &amp; Spa Wengen\",\"potentialAction\":[{\"@type\":\"SearchAction\",\"target\":{\"@type\":\"EntryPoint\",\"urlTemplate\":\"https:\/\/www.mayacaprice.ch\/?s={search_term_string}\"},\"query-input\":\"required name=search_term_string\"}],\"inLanguage\":\"de-DE\"},{\"@type\":\"ImageObject\",\"inLanguage\":\"de-DE\",\"@id\":\"https:\/\/www.mayacaprice.ch\/de\/restaurant\/panorama-terrace\/#primaryimage\",\"url\":\"https:\/\/www.mayacaprice.ch\/wp-content\/uploads\/Terrasse-Sommer_2__FocusFillWzE5MjAsNzUwLCJ5IiwyNzZd.jpg\",\"contentUrl\":\"https:\/\/www.mayacaprice.ch\/wp-content\/uploads\/Terrasse-Sommer_2__FocusFillWzE5MjAsNzUwLCJ5IiwyNzZd.jpg\",\"width\":1920,\"height\":750},{\"@type\":\"WebPage\",\"@id\":\"https:\/\/www.mayacaprice.ch\/de\/restaurant\/panorama-terrace\/#webpage\",\"url\":\"https:\/\/www.mayacaprice.ch\/de\/restaurant\/panorama-terrace\/\",\"name\":\"Panorama-Terrassenbar in Wengen | Maya Caprice Boutique-Hotel & Spa\",\"isPartOf\":{\"@id\":\"https:\/\/www.mayacaprice.ch\/#website\"},\"primaryImageOfPage\":{\"@id\":\"https:\/\/www.mayacaprice.ch\/de\/restaurant\/panorama-terrace\/#primaryimage\"},\"datePublished\":\"2022-03-28T08:20:05+00:00\",\"dateModified\":\"2023-05-28T11:12:40+00:00\",\"description\":\"Nehmen Sie an einem sch\u00f6nen Winter- oder Sommertag auf der Panoramaterrasse Platz. Wenn Ihnen kalt wird, gehen Sie hinein. Ein knisterndes Kaminfeuer und eine klassische Alpenbar erwarten Sie.\",\"breadcrumb\":{\"@id\":\"https:\/\/www.mayacaprice.ch\/de\/restaurant\/panorama-terrace\/#breadcrumb\"},\"inLanguage\":\"de-DE\",\"potentialAction\":[{\"@type\":\"ReadAction\",\"target\":[\"https:\/\/www.mayacaprice.ch\/de\/restaurant\/panorama-terrace\/\"]}]},{\"@type\":\"BreadcrumbList\",\"@id\":\"https:\/\/www.mayacaprice.ch\/de\/restaurant\/panorama-terrace\/#breadcrumb\",\"itemListElement\":[{\"@type\":\"ListItem\",\"position\":1,\"name\":\"Home\",\"item\":\"https:\/\/www.mayacaprice.ch\/de\/\"},{\"@type\":\"ListItem\",\"position\":2,\"name\":\"Restaurants\",\"item\":\"https:\/\/www.mayacaprice.ch\/de\/restaurant\/\"},{\"@type\":\"ListItem\",\"position\":3,\"name\":\"Panorama Terrace\"}]}]}<\/script>\n<!-- \/ Yoast SEO plugin. -->","yoast_head_json":{"title":"Panorama-Terrassenbar in Wengen | Maya Caprice Boutique-Hotel & Spa","description":"Nehmen Sie an einem sch\u00f6nen Winter- oder Sommertag auf der Panoramaterrasse Platz. Wenn Ihnen kalt wird, gehen Sie hinein. Ein knisterndes Kaminfeuer und eine klassische Alpenbar erwarten Sie.","robots":{"index":"index","follow":"follow","max-snippet":"max-snippet:-1","max-image-preview":"max-image-preview:large","max-video-preview":"max-video-preview:-1"},"canonical":"https:\/\/www.mayacaprice.ch\/de\/restaurant\/panorama-terrace\/","og_locale":"de_DE","og_type":"article","og_title":"Panorama-Terrassenbar in Wengen | Maya Caprice Boutique-Hotel & Spa","og_description":"Nehmen Sie an einem sch\u00f6nen Winter- oder Sommertag auf der Panoramaterrasse Platz. Wenn Ihnen kalt wird, gehen Sie hinein. Ein knisterndes Kaminfeuer und eine klassische Alpenbar erwarten Sie.","og_url":"https:\/\/www.mayacaprice.ch\/de\/restaurant\/panorama-terrace\/","og_site_name":"Maya Caprice","article_modified_time":"2023-05-28T11:12:40+00:00","og_image":[{"width":1920,"height":750,"url":"https:\/\/www.mayacaprice.ch\/wp-content\/uploads\/Terrasse-Sommer_2__FocusFillWzE5MjAsNzUwLCJ5IiwyNzZd.jpg","type":"image\/jpeg"}],"twitter_card":"summary_large_image","twitter_misc":{"Gesch\u00e4tzte Lesezeit":"1 Minute"},"schema":{"@context":"https:\/\/schema.org","@graph":[{"@type":"WebSite","@id":"https:\/\/www.mayacaprice.ch\/#website","url":"https:\/\/www.mayacaprice.ch\/","name":"Maya Caprice","description":"Boutique Hotel &amp; Spa Wengen","potentialAction":[{"@type":"SearchAction","target":{"@type":"EntryPoint","urlTemplate":"https:\/\/www.mayacaprice.ch\/?s={search_term_string}"},"query-input":"required name=search_term_string"}],"inLanguage":"de-DE"},{"@type":"ImageObject","inLanguage":"de-DE","@id":"https:\/\/www.mayacaprice.ch\/de\/restaurant\/panorama-terrace\/#primaryimage","url":"https:\/\/www.mayacaprice.ch\/wp-content\/uploads\/Terrasse-Sommer_2__FocusFillWzE5MjAsNzUwLCJ5IiwyNzZd.jpg","contentUrl":"https:\/\/www.mayacaprice.ch\/wp-content\/uploads\/Terrasse-Sommer_2__FocusFillWzE5MjAsNzUwLCJ5IiwyNzZd.jpg","width":1920,"height":750},{"@type":"WebPage","@id":"https:\/\/www.mayacaprice.ch\/de\/restaurant\/panorama-terrace\/#webpage","url":"https:\/\/www.mayacaprice.ch\/de\/restaurant\/panorama-terrace\/","name":"Panorama-Terrassenbar in Wengen | Maya Caprice Boutique-Hotel & Spa","isPartOf":{"@id":"https:\/\/www.mayacaprice.ch\/#website"},"primaryImageOfPage":{"@id":"https:\/\/www.mayacaprice.ch\/de\/restaurant\/panorama-terrace\/#primaryimage"},"datePublished":"2022-03-28T08:20:05+00:00","dateModified":"2023-05-28T11:12:40+00:00","description":"Nehmen Sie an einem sch\u00f6nen Winter- oder Sommertag auf der Panoramaterrasse Platz. Wenn Ihnen kalt wird, gehen Sie hinein. Ein knisterndes Kaminfeuer und eine klassische Alpenbar erwarten Sie.","breadcrumb":{"@id":"https:\/\/www.mayacaprice.ch\/de\/restaurant\/panorama-terrace\/#breadcrumb"},"inLanguage":"de-DE","potentialAction":[{"@type":"ReadAction","target":["https:\/\/www.mayacaprice.ch\/de\/restaurant\/panorama-terrace\/"]}]},{"@type":"BreadcrumbList","@id":"https:\/\/www.mayacaprice.ch\/de\/restaurant\/panorama-terrace\/#breadcrumb","itemListElement":[{"@type":"ListItem","position":1,"name":"Home","item":"https:\/\/www.mayacaprice.ch\/de\/"},{"@type":"ListItem","position":2,"name":"Restaurants","item":"https:\/\/www.mayacaprice.ch\/de\/restaurant\/"},{"@type":"ListItem","position":3,"name":"Panorama Terrace"}]}]}},"_links":{"self":[{"href":"https:\/\/www.mayacaprice.ch\/de\/wp-json\/wp\/v2\/restaurant\/2372"}],"collection":[{"href":"https:\/\/www.mayacaprice.ch\/de\/wp-json\/wp\/v2\/restaurant"}],"about":[{"href":"https:\/\/www.mayacaprice.ch\/de\/wp-json\/wp\/v2\/types\/restaurant"}],"wp:featuredmedia":[{"embeddable":true,"href":"https:\/\/www.mayacaprice.ch\/de\/wp-json\/wp\/v2\/media\/2204"}],"wp:attachment":[{"href":"https:\/\/www.mayacaprice.ch\/de\/wp-json\/wp\/v2\/media?parent=2372"}],"curies":[{"name":"wp","href":"https:\/\/api.w.org\/{rel}","templated":true}]}}

<p>Unsere am Fuße der Skipisten gelegene Après-Ski-Lounge ist der ideale Ort, um bei einem Glas Wein, einem Cocktail oder einer heißen Tasse Kaffee Crème die Seele baumeln zu lassen und die idyllische Aussicht auf das wunderliche Wengen zu genießen.</p>



<p>An einem schönen Winter- oder Sommertag können Sie auf der Panorama-Terrasse Platz nehmen &#8211; wenn es Ihnen zu kühl wird, können Sie im Innenberich Platz nehmen. Dort erwarten Sie ein knisterndes Kaminfeuer und eine klassische Alpenbar.</p>



<p>Bar und Terrasse: Ganztägig<br>Mittagessen: bis auf weiteres geschlossen</p>

<!-- This site is optimized with the Yoast SEO plugin v19.1 - https://yoast.com/wordpress/plugins/seo/ -->
<title>Panorama-Terrassenbar in Wengen | Maya Caprice Boutique-Hotel &amp; Spa</title>
<meta name="description" content="Nehmen Sie an einem schönen Winter- oder Sommertag auf der Panoramaterrasse Platz. Wenn Ihnen kalt wird, gehen Sie hinein. Ein knisterndes Kaminfeuer und eine klassische Alpenbar erwarten Sie." />
<meta name="robots" content="index, follow, max-snippet:-1, max-image-preview:large, max-video-preview:-1" />
<link rel="canonical" href="https://www.mayacaprice.ch/de/restaurant/panorama-terrace/" />
<meta property="og:locale" content="de_DE" />
<meta property="og:type" content="article" />
<meta property="og:title" content="Panorama-Terrassenbar in Wengen | Maya Caprice Boutique-Hotel &amp; Spa" />
<meta property="og:description" content="Nehmen Sie an einem schönen Winter- oder Sommertag auf der Panoramaterrasse Platz. Wenn Ihnen kalt wird, gehen Sie hinein. Ein knisterndes Kaminfeuer und eine klassische Alpenbar erwarten Sie." />
<meta property="og:url" content="https://www.mayacaprice.ch/de/restaurant/panorama-terrace/" />
<meta property="og:site_name" content="Maya Caprice" />
<meta property="article:modified_time" content="2023-05-28T11:12:40+00:00" />
<meta property="og:image" content="https://www.mayacaprice.ch/wp-content/uploads/Terrasse-Sommer_2__FocusFillWzE5MjAsNzUwLCJ5IiwyNzZd.jpg" />
	<meta property="og:image:width" content="1920" />
	<meta property="og:image:height" content="750" />
	<meta property="og:image:type" content="image/jpeg" />
<meta name="twitter:card" content="summary_large_image" />
<meta name="twitter:label1" content="Geschätzte Lesezeit" />
	<meta name="twitter:data1" content="1 Minute" />
<script type="application/ld+json" class="yoast-schema-graph">{"@context":"https://schema.org","@graph":[{"@type":"WebSite","@id":"https://www.mayacaprice.ch/#website","url":"https://www.mayacaprice.ch/","name":"Maya Caprice","description":"Boutique Hotel &amp; Spa Wengen","potentialAction":[{"@type":"SearchAction","target":{"@type":"EntryPoint","urlTemplate":"https://www.mayacaprice.ch/?s={search_term_string}"},"query-input":"required name=search_term_string"}],"inLanguage":"de-DE"},{"@type":"ImageObject","inLanguage":"de-DE","@id":"https://www.mayacaprice.ch/de/restaurant/panorama-terrace/#primaryimage","url":"https://www.mayacaprice.ch/wp-content/uploads/Terrasse-Sommer_2__FocusFillWzE5MjAsNzUwLCJ5IiwyNzZd.jpg","contentUrl":"https://www.mayacaprice.ch/wp-content/uploads/Terrasse-Sommer_2__FocusFillWzE5MjAsNzUwLCJ5IiwyNzZd.jpg","width":1920,"height":750},{"@type":"WebPage","@id":"https://www.mayacaprice.ch/de/restaurant/panorama-terrace/#webpage","url":"https://www.mayacaprice.ch/de/restaurant/panorama-terrace/","name":"Panorama-Terrassenbar in Wengen | Maya Caprice Boutique-Hotel & Spa","isPartOf":{"@id":"https://www.mayacaprice.ch/#website"},"primaryImageOfPage":{"@id":"https://www.mayacaprice.ch/de/restaurant/panorama-terrace/#primaryimage"},"datePublished":"2022-03-28T08:20:05+00:00","dateModified":"2023-05-28T11:12:40+00:00","description":"Nehmen Sie an einem schönen Winter- oder Sommertag auf der Panoramaterrasse Platz. Wenn Ihnen kalt wird, gehen Sie hinein. Ein knisterndes Kaminfeuer und eine klassische Alpenbar erwarten Sie.","breadcrumb":{"@id":"https://www.mayacaprice.ch/de/restaurant/panorama-terrace/#breadcrumb"},"inLanguage":"de-DE","potentialAction":[{"@type":"ReadAction","target":["https://www.mayacaprice.ch/de/restaurant/panorama-terrace/"]}]},{"@type":"BreadcrumbList","@id":"https://www.mayacaprice.ch/de/restaurant/panorama-terrace/#breadcrumb","itemListElement":[{"@type":"ListItem","position":1,"name":"Home","item":"https://www.mayacaprice.ch/de/"},{"@type":"ListItem","position":2,"name":"Restaurants","item":"https://www.mayacaprice.ch/de/restaurant/"},{"@type":"ListItem","position":3,"name":"Panorama Terrace"}]}]}</script>
<!-- / Yoast SEO plugin. -->

Nehmen Sie an einem schönen Winter- oder Sommertag auf der Panoramaterrasse Platz. Wenn Ihnen kalt wird, gehen Sie hinein. Ein knisterndes Kaminfeuer und eine klassische Alpenbar erwarten Sie.
